y and 16?
8
Suppose 11 - 3 = 4*w. Suppose -95 = 2*o - 7*o - 5*r, 0 = o + 5*r - 39. Suppose -o = -x + w. What is the greatest common divisor of x and 80?
16
Suppose 3 - 33 = -s. Calculate the highest common divisor of s and 75.
15
Let p(x) be the first derivative of 4*x**3/3 + 3*x**2/2 + 3*x - 2. Let m be p(-2). What is the highest common divisor of m and 143?
13
Let r be (-11)/(-3) + 4/(-6). Suppose r*h + g = 4*h - 2, 5*g = 15. Let m(j) = j + 7. Let b be m(h). What is the highest common divisor of b and 3?
3
Let r = 14 + -15. Let m be (-1)/r*(-5 + 45). What is the highest common divisor of m and 60?
20
Suppose -3*n = -5*t - 3 + 11, 2*t + n - 12 = 0. Let z be (-1 - -3)/(t/18). Calculate the greatest common divisor of z and 63.
9
Let a be 144 + (0 - 20/(-5)). Calculate the greatest common factor of 37 and a.
37
Let d = 5 - -1. Let w(q) = 17*q - 7. Let o be w(d). Let n be (-77)/(-2) - 1/2. Calculate the greatest common divisor of o and n.
19
Let i(t) = -1 + 3*t**2 + 2*t - 1 + 1. Let n be i(1). Calculate the highest common divisor of 40 and n.
4
Suppose -7*t + 4*t = -54. What is the greatest common factor of t and 36?
18
Let m be 6/9 - (-129)/9. Suppose m - 3 = 3*g. Suppose 4*r = 3*i - 42, i = -4*r - 0*r - 2. Calculate the highest common factor of i and g.
2
Let n(t) = -t**2 - 12*t - 1. Let x be n(-9). Calculate the highest common factor of x and 78.
26
Let o be (-20)/(-6) - 2/6. Let a(g) = -g + 1 - 7*g + o. Let u be a(-10). Calculate the highest common divisor of 12 and u.
12
Suppose 2*g - 20 - 38 = 0. Suppose g + 99 = 4*a. Let n be (-4)/(-6)*(-5 + a). What is the greatest common factor of 12 and n?
6
Let r(t) = 127*t - 2. Let v be r(2). Suppose v = 3*z - 0*z. What is the highest common divisor of 21 and z?
21
Let x = 55 - 138. Let m be (33/6)/(2/(-52)). Let v = x - m. Calculate the highest common divisor of v and 15.
15
Let t = 9 - 7. Let f be 2/(5/2 - t). Calculate the greatest common factor of f and 36.
4
Let d be 2/(-7) + 8/28. Suppose d = -g + 5 - 4. What is the highest common factor of g and 3?
1
Let m be 108/8*(1 - -5). Let o = m - 54. Let b = 7 - 4. What is the greatest common factor of o and b?
3
Suppose 4 = 2*f - 4*q, 5*q - 1 - 4 = 0. Suppose -49 = -f*w + 47. What is the highest common factor of w and 3?
3
Let j = -25 + 27. What is the highest common divisor of j and 3?
1
Let c = -5 - -124. Suppose 2*t - 3*l = -l + 44, 4*t - l - 73 = 0. What is the greatest common factor of c and t?
17
Suppose 0 = -3*f - f + 80. Let o be (50/(-35))/((-1)/7). What is the highest common divisor of o and f?
10
Suppose -2*p = p - 12. Let w be -2*(-3 + p - 9). What is the highest common factor of 112 and w?
16
Suppose -2*c = 5*c + 42. Suppose -4*o = -78 - 2. Let v = o + c. Calculate the greatest common divisor of v and 56.
14
Suppose 3*b = 3*f + 9, 5*b - 4*f + 3 = 4*b. Suppose 0 = b*x - 0*x - 65. What is the greatest common divisor of 104 and x?
13
Suppose 3*u + 39 = -3*y, 5*y = y + 3*u - 52. Let b be (0 - 4)*1 - y. What is the greatest common divisor of 36 and b?
9
Let o = 6 - 6. Suppose o = s - 2*s + 11. What is the greatest common divisor of 55 and s?
11
Suppose 0 = 5*l + 2*g - 589, 5*l - 4*g + 0*g - 577 = 0. What is the highest common divisor of l and 13?
13
Let o(w) = 2*w - 9. Let k be o(5). What is the greatest common factor of k and 2?
1
Let z(p) = -7*p - 5. Let o be z(-11). Calculate the greatest common divisor of 8 and o.
8
Let n = 13 + -6. Suppose 0*r + 12 = 4*r - 2*b, 0 = -3*r - 2*b + 16. Let c(d) = d**3 - 3*d - 3. Let f be c(r). Calculate the greatest common divisor of n and f.
7
Suppose 3*m - 366 - 258 = 0. Calculate the greatest common divisor of 16 and m.
16
Let w be 147*(-2 - (-7)/3). Let h = 27 - w. Let z = 22 - h. What is the greatest common factor of 4 and z?
4
Suppose 0*p + p = 1. Let c be (-31)/(-4) - p/(-4). Suppose 48 = 5*k + c. What is the greatest common divisor of k and 20?
4
Let q be ((-288)/(-45))/((-2)/(-15)). Let l be (-156)/(-27) - (-4)/18. What is the greatest common divisor of q and l?
6
Let t be 7/4 - (-2)/8. Suppose 0 = t*r + 3*r - 45. What is the highest common divisor of r and 63?
9
Suppose p - 2 = -0*p. Calculate the highest common divisor of p and 2.
2
Suppose 2*r - 4 = 36. What is the highest common divisor of r and 30?
10
Suppose -4*k + 430 = 90. Let d = 6 - 3. Suppose -d*w - 2*w = -k. What is the highest common divisor of w and 68?
17
Let s = 472 - 296. Calculate the highest common divisor of s and 22.
22
Let q be -2 + 1 + -1 - -8. Let t(g) = -g**2 + 7*g - 4. Let j be t(q). Let d be 194/3 - j/(-6). What is the greatest common factor of d and 26?
13
Suppose -2*u - y - 37 = -4*u, -y = -5. Let i be 30*(16/20)/(-2). Let h = i + u. Calculate the highest common factor of h and 18.
9
Let t(x) = 2*x - 11. Let w be t(12). What is the highest common factor of w and 26?
13
Let m(o) = -o**2 - 6*o + 2. Let x be m(-5). Let c(v) = v**3 - 5*v**2 - 8*v. Let y be c(x). Calculate the greatest common factor of 14 and y.
14
Let p = -716 - -1112. Calculate the highest common divisor of p and 36.
36
Let k(u) = u**3 - u**2 - u + 114. Let x be k(0). Suppose 3*i - 2*s = 62, 3*i = -2*i - 2*s + x. Calculate the greatest common factor of 2 and i.
2
Let q be (-3)/(63/6) + 310/7. Calculate the highest common divisor of 154 and q.
22
Suppose 2*a - 99 = 3*g, 0*g - 3*g + 186 = 3*a. What is the greatest common divisor of a and 19?
19
Suppose 5*s = -2*a - 0*s + 31, 0 = 4*a - 4*s - 20. What is the greatest common factor of 2 and a?
2
Suppose 0 = 2*q + 2*q + 5*t - 199, 4*q + 2*t - 214 = 0. Calculate the greatest common divisor of 84 and q.
28
Suppose 2*x = v + 75, 3*v - 204 = -5*x + 11. Suppose -i = 5*z - x, 0*z = 4*i + 2*z - 124. What is the highest common factor of i and 12?
6
Let o be (20/6 - 3)*57. Let t = 27 + 49. What is the highest common factor of o and t?
19
Let r = 255 - 120. Suppose -2*g - 3*g - r = 0. Let y be (-183)/g + (-2)/(-9). Calculate the greatest common factor of 35 and y.
7
Let o be (-146)/(-12) - (-2)/(-12). Suppose 2*j + 10 = 5*s, 4*j + 8 = 5*s - o. Let v be (-273)/j - (-6)/15. Calculate the greatest common factor of v and 11.
11
Suppose -c + 9 = 1. Suppose 2*x + 4*n = 36, n = -5*x + 6*n + 15. What is the greatest common divisor of x and c?
8
Suppose -5*d = 2*h - 78, -2*d - 17 = -3*d + h. Suppose -z = -4*z - 63. Let w = 23 + z. Calculate the greatest common divisor of w and d.
2
Let p be (-132)/3*8/(-2). Let a(q) = q**2 + q + 6. Let u be a(6). Suppose -2*z + u = z. Calculate the greatest common factor of p and z.
16
Let p = -23 - -38. Let f = 285 + -165. What is the highest common factor of p and f?
15
Let b(z) = 4*z - 1. Let o be b(4). Calculate the greatest common factor of o and 3.
3
Let g = 136 + -119. Calculate the greatest common divisor of 85 and g.
17
Suppose 2*k + 6 = -0*k - 2*f, -4*f = -2*k + 24. Suppose 2*n - 3*a + 8*a - 82 = 0, k = a. What is the highest common factor of 9 and n?
9
Suppose -37 = 4*p + 3*h, -h + 15 = 2*h. Let v be 16/6*(4 + -1). Let y be p/(-4) - 2/v. Calculate the highest common factor of y and 30.
3
Let g be -4 + (-252)/(-16) - 6/8. What is the highest common factor of 187 and g?
11
Let c be 2*(7/2 + 1). Let l(p) = -p**2 - 23*p - 40. Let z be l(-16). What is the greatest common divisor of z and c?
9
Let d be 2/1 - (-4 + -13). What is the highest common factor of 76 and d?
19
Let q(y) = -4*y**3 + 4*y + 3. Let b be q(4). Let w be b/(-9) + (-6)/(-9). Suppose 65 = 5*d + 20. What is the highest common divisor of d and w?
9
Let m = 8 + 2. Let w(y) = -y**3 - 6*y**2 + 9*y + 16. Let r be w(-7). What is the highest common divisor of m and r?
2
Let f = 4 - 2. Let o be 3/f + (-9)/(-6). Suppose o*r + 82 = 247. Calculate the greatest common factor of r and 5.
5
Let w(n) be the first derivative of 7*n**2/2 - 3*n + 3. Let i be w(2). What is the highest common divisor of i and 99?
11
Suppose -4 = -b - 0*b. Suppose -4*v = 8, b*w - 4*v - 326 = -3*v. Let n be 40/(-15)*w/(-4). What is the greatest common divisor of n and 6?
6
Let n be 245/14*(-16)/(-5). Let v be (-6)/(-15) - (-136)/10. Calculate the greatest common divisor of n and v.
14
Let o be 0 + 121 - 8/(-2). What is the greatest common factor of o and 25?
25
Let c = -36 - -41. What is the greatest common factor of c and 45?
5
Suppose -3*i + 5*n = -51, 14 = i - 3